highest common divisor of 88 and 59180.
44
Calculate the highest common factor of 76 and 10760612.
76
What is the greatest common divisor of 108 and 51916?
4
Calculate the highest common divisor of 51 and 10613321.
17
What is the highest common divisor of 2983 and 1394474?
157
Calculate the highest common factor of 122010 and 9555.
735
Calculate the greatest common factor of 210 and 455.
35
Calculate the highest common divisor of 257 and 15817579.
257
Calculate the highest common factor of 25215 and 455.
5
Calculate the highest common divisor of 8 and 143186.
2
What is the greatest common divisor of 626 and 501113?
313
Calculate the highest common divisor of 6403 and 29993.
337
What is the highest common divisor of 66585 and 2760?
345
What is the highest common factor of 38420 and 30?
10
What is the highest common divisor of 92 and 10041294?
46
What is the greatest common factor of 13157 and 767?
59
What is the greatest common divisor of 232 and 57652?
116
Calculate the highest common divisor of 21600 and 2200.
200
What is the greatest common divisor of 14028 and 636?
12
Calculate the highest common factor of 396 and 3096.
36
Calculate the greatest common divisor of 439869 and 57.
57
Calculate the highest common factor of 291892 and 52.
4
What is the greatest common divisor of 20 and 74180?
20
Calculate the greatest common factor of 9699 and 7320.
183
What is the highest common factor of 14151 and 212?
53
What is the highest common divisor of 19072 and 800?
32
Calculate the greatest common factor of 5694 and 1872.
78
What is the greatest common divisor of 2 and 4178?
2
What is the highest common factor of 6018600 and 60?
60
What is the highest common divisor of 16067244 and 1921?
1921
What is the highest common divisor of 1472 and 318320?
368
What is the greatest common divisor of 1945610 and 1160?
290
What is the highest common divisor of 61161 and 928?
29
Calculate the greatest common factor of 4575 and 5325.
75
What is the greatest common divisor of 12934 and 138037?
223
What is the greatest common divisor of 164 and 1064?
4
What is the greatest common divisor of 5643 and 3629?
19
Calculate the greatest common divisor of 4395 and 5745.
15
Calculate the highest common divisor of 1908 and 396.
36
Calculate the greatest common divisor of 5780 and 1892372.
1156
Calculate the highest common factor of 2084400 and 1440.
720
What is the greatest common factor of 36741 and 4303?
331
What is the greatest common factor of 3031 and 1376507?
433
What is the greatest common factor of 46 and 554691?
23
What is the highest common factor of 4188 and 2892?
12
What is the greatest common factor of 264 and 20952?
24
What is the greatest common divisor of 880 and 38445?
55
Calculate the highest common factor of 36907 and 34.
17
Calculate the highest common factor of 163885 and 18615.
365
Calculate the greatest common divisor of 20905 and 222.
37
Calculate the greatest common factor of 10 and 6530.
10
Calculate the highest common divisor of 29500 and 72900.
100
Calculate the highest common factor of 414 and 44367.
69
What is the highest common factor of 3217644 and 12?
12
What is the highest common divisor of 87 and 597023?
29
What is the greatest common factor of 644 and 1316?
28
Calculate the greatest common divisor of 1648 and 463912.
824
What is the highest common divisor of 57 and 3947193?
57
What is the greatest common factor of 214030 and 170?
170
Calculate the greatest common divisor of 19886 and 652.
326
What is the greatest common factor of 885 and 61655?
295
What is the highest common divisor of 1402112 and 1024?
256
What is the greatest common factor of 215601 and 3?
3
What is the highest common divisor of 1106 and 2054?
158
What is the greatest common factor of 131167 and 1073?
29
Calculate the greatest common factor of 40 and 2287860.
20
What is the highest common factor of 153816 and 348?
348
What is the highest common divisor of 79936 and 256?
64
Calculate the highest common divisor of 903030 and 620.
310
What is the highest common divisor of 1152 and 508288?
128
What is the greatest common divisor of 159195 and 15?
15
What is the highest common divisor of 750015 and 315?
315
Calculate the greatest common factor of 2238 and 456.
6
What is the highest common factor of 19330 and 70?
10
Calculate the greatest common divisor of 42091 and 245.
49
Calculate the highest common divisor of 129970 and 3280.
410
What is the greatest common divisor of 10048 and 2112?
64
What is the greatest common factor of 1053 and 6799?
13
What is the greatest common divisor of 28600 and 132?
44
What is the highest common factor of 36072 and 52164?
108
What is the greatest common factor of 195 and 4694690?
65
Calculate the greatest common factor of 3623 and 3.
1
What is the highest common factor of 102278 and 2?
2
Calculate the greatest common divisor of 243 and 209709.
243
Calculate the highest common factor of 225 and 9316800.
225
Calculate the greatest common factor of 20 and 1495.
5
What is the highest common factor of 33228 and 468?
468
What is the highest common factor of 174731 and 428?
107
Calculate the highest common factor of 72 and 9456.
24
What is the greatest common divisor of 1302728 and 4214?
602
Calculate the greatest common divisor of 53 and 1655243.
53
Calculate the greatest common factor of 208 and 868.
4
What is the greatest common factor of 81 and 2718?
9
Calculate the greatest common factor of 100 and 39950.
50
Calculate the greatest common divisor of 110 and 45155.
55
What is the greatest common divisor of 61809 and 33?
33
What is the greatest common factor of 84 and 147714?
42
Calculate the greatest common divisor of 228981 and 1143.
381
What is the greatest common divisor of 1619931 and 591?
591
What is the highest common factor of 896 and 79296?
448
What is the highest common divisor of 14950 and 600?
50
Calculate the highest common divisor of 1232 and 4466.
154
What is the greatest common factor of 4400726 and 22?
22
What is the highest common divisor of 107073 and 36?
9
What is the greatest common divisor of 444 and 253524?
444
Calculate the greatest common divisor of 421 and 13782698.
421
What is the greatest common factor of 29441 and 3992?
499
What is the highest common factor of 39674 and 6806?
166
Calculate the highest common divisor of 4018 and 1519.
49
What is the highest common divisor of 668436 and 477?
159
What is the greatest common factor of 47063 and 779?
19
What is the highest common factor of 1590036 and 46?
46
Calculate the highest common factor of 8483 and 425.
17
Calculate the greatest common divisor of 600 and 215850.
150
Calculate the highest common factor of 58096 and 6256.
16
Calculate the highest common factor of 254 and 1859153.
127
What is the highest common factor of 911895 and 60?
15
Calculate the highest common divisor of 7 and 43057.
7
Calculate the highest common factor of 143096 and 93.
31
What is the greatest common divisor of 715 and 3405?
5
Calculate the highest common divisor of 10 and 25340.
10
What is the highest common factor of 38 and 29906?
38
What is the greatest common divisor of 19250 and 5005?
385
Calculate the greatest common divisor of 340 and 593980.
340
Calculate the greatest common factor of 35 and 5091135.
35
What is the greatest common factor of 88304 and 4?
4
What is the greatest common factor of 17914 and 212?
106
Calculate the highest common divisor of 285 and 22965.
15
What is the greatest common divisor of 41250 and 60?
30
Calculate the highest common factor of 899 and 1489643.
899
What is the highest common factor of 34775 and 2600?
325
What is the highest common divisor of 145 and 49?
1
Calculate the highest common factor of 28557 and 12525.
501
Calculate the highest common divisor of 1492 and 257743.
373
What is the highest common factor of 1295 and 4810?
185
What is the greatest common factor of 731 and 946?
43
What is the greatest common factor of 20701849 and 133?
133
Calculate the greatest common divisor of 22049 and 364457.
1297
What is the highest common divisor of 4896 and 264?
24
What is the greatest common divisor of 100086 and 378?
42
Calculate the greatest common factor of 25 and 25.
25
What is the greatest common divisor of 191 and 52907?
191
What is the greatest common 